NOAA Reports/Αναφορές NOAA

Select a Year or Month report

Report for 2019 11
                   MONTHLY CLIMATOLOGICAL SUMMARY for NOV. 2019

NAME: Agia Galini Weather Station   CITY: Agia Galini   STATE: Greece 
ELEV:    25 m  LAT:  35 05' 45" N  LONG:  24 41' 15" E

                   TEMPERATURE (C), RAIN  (mm), WIND SPEED (km/hr)

                                      HEAT  COOL        AVG
    MEAN                              DEG   DEG         WIND                 DOM
DAY TEMP  HIGH   TIME   LOW    TIME   DAYS  DAYS  RAIN  SPEED HIGH   TIME    DIR
------------------------------------------------------------------------------------
 1  19.8  23.2   12:40  16.6    6:30   0.2   1.8   0.0   0.2  25.7   19:50    SW
 2  19.6  22.9   14:00  16.7    2:20   0.1   1.4   0.0   2.4  35.4   20:30   ESE
 3  19.8  23.7   15:00  15.7    6:40   0.5   2.0   0.0   0.5  19.3    0:40   NNE
 4  20.7  24.3   12:10  16.8    4:30   0.1   2.5   0.0   0.0  17.7   10:50   NNW
 5  20.9  26.1   12:10  17.1    5:50   0.3   2.9   0.0   0.2  22.5   10:00     N
 6  20.0  24.9   14:30  15.7    7:00   0.8   2.5   0.0   0.0  14.5    5:30   NNW
 7  20.9  25.8   13:00  15.5    7:10   0.6   3.2   0.0   0.3  19.3    3:20     N
 8  21.1  24.3   16:20  17.6   23:30   0.0   2.9   0.2   1.3  32.2   12:40     N
 9  19.1  23.6   13:30  14.7    6:10   1.0   1.8   0.0   0.2  19.3    6:40     N
10  19.8  24.0   13:30  14.8    6:40   0.9   2.4   0.0   0.0  14.5    3:10   NNW
11  20.9  26.8   12:30  16.8   23:50   0.1   2.8   8.2   0.3  40.2    2:40     N
12  22.8  26.2   13:30  17.9    1:00   0.0   4.6   0.0   0.8  25.7   15:20   ESE
13  20.9  24.4    7:00  15.7    8:50   0.2   2.1  41.8   9.2 127.1    8:50   ESE
14
15
16
17
18
19
20
21
22
23
24
25
26
27
28
29
30
-------------------------------------------------------------------------------------
    20.5  26.8    11    14.7     9     4.8  32.7  50.2   1.2 127.1    13       N

Max >=  32.0:  0
Max <=   0.0:  0
Min <=   0.0:  0
Min <= -18.0:  0
Max Rain: 41.81 ON 13/11/19
Days of Rain: 3 (> .2 mm) 2 (> 2 mm) 1 (> 20 mm)
Heat Base:  18.3  Cool Base:  18.3  Method: Integration